{"id":4353,"date":"2023-12-18T19:55:07","date_gmt":"2023-12-18T18:55:07","guid":{"rendered":"http:\/\/wlodarczykubezpieczenia.pl\/?page_id=4353"},"modified":"2024-04-11T15:51:03","modified_gmt":"2024-04-11T13:51:03","slug":"o-nas","status":"publish","type":"page","link":"https:\/\/wlodarczykubezpieczenia.pl\/?page_id=4353","title":{"rendered":"O Nas"},"content":{"rendered":"\t\t<div data-elementor-type=\"wp-page\" data-elementor-id=\"4353\" class=\"elementor elementor-4353\" data-elementor-post-type=\"page\">\n\t\t\t\t<div class=\"elementor-element elementor-element-ce761e5 e-flex e-con-boxed e-con e-parent\" data-id=\"ce761e5\" data-element_type=\"container\" data-e-type=\"container\">\n\t\t\t\t\t<div class=\"e-con-inner\">\n\t\t\t\t<div class=\"elementor-element elementor-element-ca9309d elementor-widget elementor-widget-shortcode\" data-id=\"ca9309d\" data-element_type=\"widget\" data-e-type=\"widget\" data-widget_type=\"shortcode.default\">\n\t\t\t\t<div class=\"elementor-widget-container\">\n\t\t\t\t\t\t\t<div class=\"elementor-shortcode\">  <\/div>\n\t\t\t\t\t\t<\/div>\n\t\t\t\t<\/div>\n\t\t\t\t\t<\/div>\n\t\t\t\t<\/div>\n\t\t<div class=\"elementor-element elementor-element-e3941e1 e-con-full e-flex e-con e-parent\" data-id=\"e3941e1\" data-element_type=\"container\" data-e-type=\"container\">\n\t\t<div class=\"elementor-element elementor-element-f28fb75 e-flex e-con-boxed e-con e-child\" data-id=\"f28fb75\" data-element_type=\"container\" data-e-type=\"container\">\n\t\t\t\t\t<div class=\"e-con-inner\">\n\t\t\t\t<div class=\"elementor-element elementor-element-bba8c80 elementor-headline--style-highlight elementor-widget elementor-widget-animated-headline\" data-id=\"bba8c80\" data-element_type=\"widget\" data-e-type=\"widget\" data-settings=\"{&quot;highlighted_text&quot;:&quot;O Nas&quot;,&quot;headline_style&quot;:&quot;highlight&quot;,&quot;marker&quot;:&quot;circle&quot;,&quot;loop&quot;:&quot;yes&quot;,&quot;highlight_animation_duration&quot;:1200,&quot;highlight_iteration_delay&quot;:8000}\" data-widget_type=\"animated-headline.default\">\n\t\t\t\t<div class=\"elementor-widget-container\">\n\t\t\t\t\t\t\t<h3 class=\"elementor-headline\">\n\t\t\t\t<span class=\"elementor-headline-dynamic-wrapper elementor-headline-text-wrapper\">\n\t\t\t\t\t<span class=\"elementor-headline-dynamic-text elementor-headline-text-active\">O Nas<\/span>\n\t\t\t\t<\/span>\n\t\t\t\t<\/h3>\n\t\t\t\t\t\t<\/div>\n\t\t\t\t<\/div>\n\t\t\t\t\t<\/div>\n\t\t\t\t<\/div>\n\t\t\t\t<\/div>\n\t\t<div class=\"elementor-element elementor-element-219f800 e-flex e-con-boxed e-con e-parent\" data-id=\"219f800\" data-element_type=\"container\" data-e-type=\"container\">\n\t\t\t\t\t<div class=\"e-con-inner\">\n\t\t<div class=\"elementor-element elementor-element-c5393b3 e-con-full e-flex e-con e-child\" data-id=\"c5393b3\" data-element_type=\"container\" data-e-type=\"container\">\n\t\t\t\t<div class=\"elementor-element elementor-element-b2cf21e elementor-widget elementor-widget-text-editor\" data-id=\"b2cf21e\" data-element_type=\"widget\" data-e-type=\"widget\" data-widget_type=\"text-editor.default\">\n\t\t\t\t<div class=\"elementor-widget-container\">\n\t\t\t\t\t\t\t\t\t<p><strong>Multiagencja W\u0142odarczyk Ubezpieczenia<\/strong> powsta\u0142a w 2010 roku.<\/p><p>\u00a0<\/p><p>\u015awiadczymy us\u0142ugi z zakresu ubezpiecze\u0144 maj\u0105tkowych, \u017cyciowych i zdrowotnych, dla klient\u00f3w indywidualnych, firmowych i instytucjonalnych.<\/p><p>\u00a0<\/p><p>Zdobyli\u015bmy bogate do\u015bwiadczenie wsp\u00f3\u0142pracuj\u0105c z najwi\u0119kszymi towarzystwami ubezpieczeniowymi funkcjonuj\u0105cymi na polskim rynku.<br \/>Kwalifikacje, wiedza sprzeda\u017cowa i merytoryczna, dba\u0142o\u015b\u0107 o ka\u017cdy szczeg\u00f3\u0142 nauczy\u0142y nas, jak \u015bwiadomie ubezpiecza\u0107 wszystko to, co jest dla Ciebie wa\u017cne.<\/p><p>\u00a0<\/p><p>Zdobyte nagrody i wyr\u00f3\u017cnienia oraz tysi\u0105ce zadowolonych klient\u00f3w, motywuj\u0105 nas do dalszego dzia\u0142ania i rozwoju. Nieska\u017ceni rutyn\u0105, lubi\u0105c swoj\u0105 prac\u0119, tworzymy i dbamy o relacje.<\/p><p>\u00a0<\/p><p>Dzia\u0142amy zgodnie z my\u015bl\u0105 Napoleona Hilla: \u201eJe\u017celi nie mo\u017cesz robi\u0107 rzeczy wielkich, r\u00f3b ma\u0142e rzeczy w wielki spos\u00f3b.\u201d<\/p>\t\t\t\t\t\t\t\t<\/div>\n\t\t\t\t<\/div>\n\t\t\t\t<div class=\"elementor-element elementor-element-166f3f4 elementor-widget elementor-widget-image\" data-id=\"166f3f4\" data-element_type=\"widget\" data-e-type=\"widget\" data-widget_type=\"image.default\">\n\t\t\t\t<div class=\"elementor-widget-container\">\n\t\t\t\t\t\t\t\t\t\t\t\t\t\t\t<img decoding=\"async\" width=\"287\" height=\"132\" src=\"https:\/\/wlodarczykubezpieczenia.pl\/wp-content\/uploads\/2024\/04\/podpis.png\" class=\"attachment-large size-large wp-image-5587\" alt=\"\" \/>\t\t\t\t\t\t\t\t\t\t\t\t\t\t\t<\/div>\n\t\t\t\t<\/div>\n\t\t\t\t<\/div>\n\t\t<div class=\"elementor-element elementor-element-61378f5 e-flex e-con-boxed e-con e-child\" data-id=\"61378f5\" data-element_type=\"container\" data-e-type=\"container\">\n\t\t\t\t\t<div class=\"e-con-inner\">\n\t\t\t\t<div class=\"elementor-element elementor-element-551019f elementor-widget elementor-widget-image\" data-id=\"551019f\" data-element_type=\"widget\" data-e-type=\"widget\" data-widget_type=\"image.default\">\n\t\t\t\t<div class=\"elementor-widget-container\">\n\t\t\t\t\t\t\t\t\t\t\t\t\t\t\t<img fetchpriority=\"high\" decoding=\"async\" width=\"731\" height=\"1024\" src=\"https:\/\/wlodarczykubezpieczenia.pl\/wp-content\/uploads\/2024\/03\/DSC02655-731x1024.jpg\" class=\"attachment-large size-large wp-image-5286\" alt=\"\" srcset=\"https:\/\/wlodarczykubezpieczenia.pl\/wp-content\/uploads\/2024\/03\/DSC02655-731x1024.jpg 731w, https:\/\/wlodarczykubezpieczenia.pl\/wp-content\/uploads\/2024\/03\/DSC02655-214x300.jpg 214w, https:\/\/wlodarczykubezpieczenia.pl\/wp-content\/uploads\/2024\/03\/DSC02655-768x1075.jpg 768w, https:\/\/wlodarczykubezpieczenia.pl\/wp-content\/uploads\/2024\/03\/DSC02655.jpg 800w\" sizes=\"(max-width: 731px) 100vw, 731px\" \/>\t\t\t\t\t\t\t\t\t\t\t\t\t\t\t<\/div>\n\t\t\t\t<\/div>\n\t\t\t\t\t<\/div>\n\t\t\t\t<\/div>\n\t\t\t\t\t<\/div>\n\t\t\t\t<\/div>\n\t\t<div class=\"elementor-element elementor-element-1645ef23 e-con-full e-flex e-con e-parent\" data-id=\"1645ef23\" data-element_type=\"container\" data-e-type=\"container\" data-settings=\"{&quot;background_background&quot;:&quot;classic&quot;}\">\n\t\t\t\t<div class=\"elementor-element elementor-element-29311894 elementor-widget elementor-widget-image-carousel\" data-id=\"29311894\" data-element_type=\"widget\" data-e-type=\"widget\" data-settings=\"{&quot;slides_to_show&quot;:&quot;5&quot;,&quot;slides_to_scroll&quot;:&quot;1&quot;,&quot;autoplay_speed&quot;:1000,&quot;speed&quot;:3000,&quot;navigation&quot;:&quot;none&quot;,&quot;autoplay&quot;:&quot;yes&quot;,&quot;pause_on_hover&quot;:&quot;yes&quot;,&quot;pause_on_interaction&quot;:&quot;yes&quot;,&quot;infinite&quot;:&quot;yes&quot;}\" data-widget_type=\"image-carousel.default\">\n\t\t\t\t<div class=\"elementor-widget-container\">\n\t\t\t\t\t\t\t<div class=\"elementor-image-carousel-wrapper swiper\" role=\"region\" aria-roledescription=\"carousel\" aria-label=\"Karuzela obrazk\u00f3w\" dir=\"ltr\">\n\t\t\t<div class=\"elementor-image-carousel swiper-wrapper\" aria-live=\"off\">\n\t\t\t\t\t\t\t\t<div class=\"swiper-slide\" role=\"group\" aria-roledescription=\"slide\" aria-label=\"1 z 25\"><figure class=\"swiper-slide-inner\"><img decoding=\"async\" class=\"swiper-slide-image\" src=\"https:\/\/wlodarczykubezpieczenia.pl\/wp-content\/uploads\/2024\/02\/1381balcia-7.png\" alt=\"1381,balcia\" \/><\/figure><\/div><div class=\"swiper-slide\" role=\"group\" aria-roledescription=\"slide\" aria-label=\"2 z 25\"><figure class=\"swiper-slide-inner\"><img decoding=\"async\" class=\"swiper-slide-image\" src=\"https:\/\/wlodarczykubezpieczenia.pl\/wp-content\/uploads\/2024\/02\/AgroPion-1-6.png\" alt=\"AgroPion-1\" \/><\/figure><\/div><div class=\"swiper-slide\" role=\"group\" aria-roledescription=\"slide\" aria-label=\"3 z 25\"><figure class=\"swiper-slide-inner\"><img decoding=\"async\" class=\"swiper-slide-image\" src=\"https:\/\/wlodarczykubezpieczenia.pl\/wp-content\/uploads\/2024\/02\/allianz_logo-6-300x76.png\" alt=\"allianz_logo\" \/><\/figure><\/div><div class=\"swiper-slide\" role=\"group\" aria-roledescription=\"slide\" aria-label=\"4 z 25\"><figure class=\"swiper-slide-inner\"><img decoding=\"async\" class=\"swiper-slide-image\" src=\"https:\/\/wlodarczykubezpieczenia.pl\/wp-content\/uploads\/2024\/02\/Beznazwy-2-6-300x86.png\" alt=\"Beznazwy-2\" \/><\/figure><\/div><div class=\"swiper-slide\" role=\"group\" aria-roledescription=\"slide\" aria-label=\"5 z 25\"><figure class=\"swiper-slide-inner\"><img decoding=\"async\" class=\"swiper-slide-image\" src=\"https:\/\/wlodarczykubezpieczenia.pl\/wp-content\/uploads\/2024\/02\/compensa-300x300-1-6.png\" alt=\"compensa-300x300-1\" \/><\/figure><\/div><div class=\"swiper-slide\" role=\"group\" aria-roledescription=\"slide\" aria-label=\"6 z 25\"><figure class=\"swiper-slide-inner\"><img decoding=\"async\" class=\"swiper-slide-image\" src=\"https:\/\/wlodarczykubezpieczenia.pl\/wp-content\/uploads\/2024\/02\/generali-sp-6.png\" alt=\"generali-sp\" \/><\/figure><\/div><div class=\"swiper-slide\" role=\"group\" aria-roledescription=\"slide\" aria-label=\"7 z 25\"><figure class=\"swiper-slide-inner\"><img decoding=\"async\" class=\"swiper-slide-image\" src=\"https:\/\/wlodarczykubezpieczenia.pl\/wp-content\/uploads\/2024\/02\/img_37-6.png\" alt=\"img_37\" \/><\/figure><\/div><div class=\"swiper-slide\" role=\"group\" aria-roledescription=\"slide\" aria-label=\"8 z 25\"><figure class=\"swiper-slide-inner\"><img decoding=\"async\" class=\"swiper-slide-image\" src=\"https:\/\/wlodarczykubezpieczenia.pl\/wp-content\/uploads\/2024\/02\/img_278-6.png\" alt=\"img_278\" \/><\/figure><\/div><div class=\"swiper-slide\" role=\"group\" aria-roledescription=\"slide\" aria-label=\"9 z 25\"><figure class=\"swiper-slide-inner\"><img decoding=\"async\" class=\"swiper-slide-image\" src=\"https:\/\/wlodarczykubezpieczenia.pl\/wp-content\/uploads\/2024\/02\/img_294-6.png\" alt=\"img_294\" \/><\/figure><\/div><div class=\"swiper-slide\" role=\"group\" aria-roledescription=\"slide\" aria-label=\"10 z 25\"><figure class=\"swiper-slide-inner\"><img decoding=\"async\" class=\"swiper-slide-image\" src=\"https:\/\/wlodarczykubezpieczenia.pl\/wp-content\/uploads\/2024\/02\/img_317-6.png\" alt=\"img_317\" \/><\/figure><\/div><div class=\"swiper-slide\" role=\"group\" aria-roledescription=\"slide\" aria-label=\"11 z 25\"><figure class=\"swiper-slide-inner\"><img decoding=\"async\" class=\"swiper-slide-image\" src=\"https:\/\/wlodarczykubezpieczenia.pl\/wp-content\/uploads\/2024\/02\/img_516-6.png\" alt=\"img_516\" \/><\/figure><\/div><div class=\"swiper-slide\" role=\"group\" aria-roledescription=\"slide\" aria-label=\"12 z 25\"><figure class=\"swiper-slide-inner\"><img decoding=\"async\" class=\"swiper-slide-image\" src=\"https:\/\/wlodarczykubezpieczenia.pl\/wp-content\/uploads\/2024\/02\/img_517-6.png\" alt=\"img_517\" \/><\/figure><\/div><div class=\"swiper-slide\" role=\"group\" aria-roledescription=\"slide\" aria-label=\"13 z 25\"><figure class=\"swiper-slide-inner\"><img decoding=\"async\" class=\"swiper-slide-image\" src=\"https:\/\/wlodarczykubezpieczenia.pl\/wp-content\/uploads\/2024\/02\/Leadenhall-1200x675-kopia-6.png\" alt=\"Leadenhall-1200x675-kopia\" \/><\/figure><\/div><div class=\"swiper-slide\" role=\"group\" aria-roledescription=\"slide\" aria-label=\"14 z 25\"><figure class=\"swiper-slide-inner\"><img decoding=\"async\" class=\"swiper-slide-image\" src=\"https:\/\/wlodarczykubezpieczenia.pl\/wp-content\/uploads\/2024\/02\/logo-euroins-6.png\" alt=\"logo-euroins\" \/><\/figure><\/div><div class=\"swiper-slide\" role=\"group\" aria-roledescription=\"slide\" aria-label=\"15 z 25\"><figure class=\"swiper-slide-inner\"><img decoding=\"async\" class=\"swiper-slide-image\" src=\"https:\/\/wlodarczykubezpieczenia.pl\/wp-content\/uploads\/2024\/02\/logo-inter-risk-6.png\" alt=\"logo-inter-risk\" \/><\/figure><\/div><div class=\"swiper-slide\" role=\"group\" aria-roledescription=\"slide\" aria-label=\"16 z 25\"><figure class=\"swiper-slide-inner\"><img decoding=\"async\" class=\"swiper-slide-image\" src=\"https:\/\/wlodarczykubezpieczenia.pl\/wp-content\/uploads\/2024\/02\/logo-link4-6.png\" alt=\"logo-link4\" \/><\/figure><\/div><div class=\"swiper-slide\" role=\"group\" aria-roledescription=\"slide\" aria-label=\"17 z 25\"><figure class=\"swiper-slide-inner\"><img decoding=\"async\" class=\"swiper-slide-image\" src=\"https:\/\/wlodarczykubezpieczenia.pl\/wp-content\/uploads\/2024\/04\/prudential.png\" alt=\"prudential\" \/><\/figure><\/div><div class=\"swiper-slide\" role=\"group\" aria-roledescription=\"slide\" aria-label=\"18 z 25\"><figure class=\"swiper-slide-inner\"><img decoding=\"async\" class=\"swiper-slide-image\" src=\"https:\/\/wlodarczykubezpieczenia.pl\/wp-content\/uploads\/2024\/02\/logo-TRASTI-2-1-6.png\" alt=\"logo-TRASTI-2-1\" \/><\/figure><\/div><div class=\"swiper-slide\" role=\"group\" aria-roledescription=\"slide\" aria-label=\"19 z 25\"><figure class=\"swiper-slide-inner\"><img decoding=\"async\" class=\"swiper-slide-image\" src=\"https:\/\/wlodarczykubezpieczenia.pl\/wp-content\/uploads\/2024\/02\/mtu-6.png\" alt=\"mtu\" \/><\/figure><\/div><div class=\"swiper-slide\" role=\"group\" aria-roledescription=\"slide\" aria-label=\"20 z 25\"><figure class=\"swiper-slide-inner\"><img decoding=\"async\" class=\"swiper-slide-image\" src=\"https:\/\/wlodarczykubezpieczenia.pl\/wp-content\/uploads\/2024\/02\/purepng.com-unum-group-logologobrand-logoiconslogos-251519938333biqek-6.png\" alt=\"purepng.com-unum-group-logologobrand-logoiconslogos-251519938333biqek\" \/><\/figure><\/div><div class=\"swiper-slide\" role=\"group\" aria-roledescription=\"slide\" aria-label=\"21 z 25\"><figure class=\"swiper-slide-inner\"><img decoding=\"async\" class=\"swiper-slide-image\" src=\"https:\/\/wlodarczykubezpieczenia.pl\/wp-content\/uploads\/2024\/02\/pzu-6.png\" alt=\"pzu\" \/><\/figure><\/div><div class=\"swiper-slide\" role=\"group\" aria-roledescription=\"slide\" aria-label=\"22 z 25\"><figure class=\"swiper-slide-inner\"><img decoding=\"async\" class=\"swiper-slide-image\" src=\"https:\/\/wlodarczykubezpieczenia.pl\/wp-content\/uploads\/2024\/02\/tuz-ubezpieczenia-logo-84778EFBA3-seeklogo.com_-6.png\" alt=\"tuz-ubezpieczenia-logo-84778EFBA3-seeklogo.com\" \/><\/figure><\/div><div class=\"swiper-slide\" role=\"group\" aria-roledescription=\"slide\" aria-label=\"23 z 25\"><figure class=\"swiper-slide-inner\"><img decoding=\"async\" class=\"swiper-slide-image\" src=\"https:\/\/wlodarczykubezpieczenia.pl\/wp-content\/uploads\/2024\/02\/UNIQA-6.png\" alt=\"UNIQA\" \/><\/figure><\/div><div class=\"swiper-slide\" role=\"group\" aria-roledescription=\"slide\" aria-label=\"24 z 25\"><figure class=\"swiper-slide-inner\"><img decoding=\"async\" class=\"swiper-slide-image\" src=\"https:\/\/wlodarczykubezpieczenia.pl\/wp-content\/uploads\/2024\/02\/Wefox_Logo.svg-6-300x82.png\" alt=\"Wefox_Logo.svg\" \/><\/figure><\/div><div class=\"swiper-slide\" role=\"group\" aria-roledescription=\"slide\" aria-label=\"25 z 25\"><figure class=\"swiper-slide-inner\"><img decoding=\"async\" class=\"swiper-slide-image\" src=\"https:\/\/wlodarczykubezpieczenia.pl\/wp-content\/uploads\/2024\/02\/wiener-podstronaotowarzystwieubezpieczeniowym-6.png\" alt=\"wiener-podstronaotowarzystwieubezpieczeniowym\" \/><\/figure><\/div>\t\t\t<\/div>\n\t\t\t\t\t\t\t\n\t\t\t\t\t\t\t\t\t<\/div>\n\t\t\t\t\t\t<\/div>\n\t\t\t\t<\/div>\n\t\t\t\t<\/div>\n\t\t\t\t<\/div>\n\t\t","protected":false},"excerpt":{"rendered":"<p>O Nas Multiagencja W\u0142odarczyk Ubezpieczenia powsta\u0142a w 2010 roku. \u00a0 \u015awiadczymy us\u0142ugi z zakresu ubezpiecze\u0144 maj\u0105tkowych, \u017cyciowych i zdrowotnych, dla klient\u00f3w indywidualnych, firmowych i instytucjonalnych. \u00a0 Zdobyli\u015bmy bogate do\u015bwiadczenie wsp\u00f3\u0142pracuj\u0105c z najwi\u0119kszymi towarzystwami ubezpieczeniowymi funkcjonuj\u0105cymi na polskim rynku.Kwalifikacje, wiedza sprzeda\u017cowa i merytoryczna, dba\u0142o\u015b\u0107 o ka\u017cdy szczeg\u00f3\u0142 nauczy\u0142y nas, jak \u015bwiadomie ubezpiecza\u0107 wszystko to, co jest [&hellip;]<\/p>\n","protected":false},"author":1,"featured_media":0,"parent":0,"menu_order":0,"comment_status":"closed","ping_status":"closed","template":"","meta":{"site-sidebar-layout":"no-sidebar","site-content-layout":"page-builder","ast-site-content-layout":"full-width-container","site-content-style":"default","site-sidebar-style":"default","ast-global-header-display":"","ast-banner-title-visibility":"","ast-main-header-display":"","ast-hfb-above-header-display":"","ast-hfb-below-header-display":"","ast-hfb-mobile-header-display":"","site-post-title":"disabled","ast-breadcrumbs-content":"","ast-featured-img":"disabled","footer-sml-layout":"","theme-transparent-header-meta":"","adv-header-id-meta":"","stick-header-meta":"","header-above-stick-meta":"","header-main-stick-meta":"","header-below-stick-meta":"","astra-migrate-meta-layouts":"set","ast-page-background-enabled":"default","ast-page-background-meta":{"desktop":{"background-color":"var(--ast-global-color-4)","background-image":"","background-repeat":"repeat","background-position":"center center","background-size":"auto","background-attachment":"scroll","background-type":"","background-media":"","overlay-type":"","overlay-color":"","overlay-opacity":"","overlay-gradient":""},"tablet":{"background-color":"","background-image":"","background-repeat":"repeat","background-position":"center center","background-size":"auto","background-attachment":"scroll","background-type":"","background-media":"","overlay-type":"","overlay-color":"","overlay-opacity":"","overlay-gradient":""},"mobile":{"background-color":"","background-image":"","background-repeat":"repeat","background-position":"center center","background-size":"auto","background-attachment":"scroll","background-type":"","background-media":"","overlay-type":"","overlay-color":"","overlay-opacity":"","overlay-gradient":""}},"ast-content-background-meta":{"desktop":{"background-color":"var(--ast-global-color-5)","background-image":"","background-repeat":"repeat","background-position":"center center","background-size":"auto","background-attachment":"scroll","background-type":"","background-media":"","overlay-type":"","overlay-color":"","overlay-opacity":"","overlay-gradient":""},"tablet":{"background-color":"var(--ast-global-color-5)","background-image":"","background-repeat":"repeat","background-position":"center center","background-size":"auto","background-attachment":"scroll","background-type":"","background-media":"","overlay-type":"","overlay-color":"","overlay-opacity":"","overlay-gradient":""},"mobile":{"background-color":"var(--ast-global-color-5)","background-image":"","background-repeat":"repeat","background-position":"center center","background-size":"auto","background-attachment":"scroll","background-type":"","background-media":"","overlay-type":"","overlay-color":"","overlay-opacity":"","overlay-gradient":""}},"footnotes":""},"class_list":["post-4353","page","type-page","status-publish","hentry"],"_links":{"self":[{"href":"https:\/\/wlodarczykubezpieczenia.pl\/index.php?rest_route=\/wp\/v2\/pages\/4353","targetHints":{"allow":["GET"]}}],"collection":[{"href":"https:\/\/wlodarczykubezpieczenia.pl\/index.php?rest_route=\/wp\/v2\/pages"}],"about":[{"href":"https:\/\/wlodarczykubezpieczenia.pl\/index.php?rest_route=\/wp\/v2\/types\/page"}],"author":[{"embeddable":true,"href":"https:\/\/wlodarczykubezpieczenia.pl\/index.php?rest_route=\/wp\/v2\/users\/1"}],"replies":[{"embeddable":true,"href":"https:\/\/wlodarczykubezpieczenia.pl\/index.php?rest_route=%2Fwp%2Fv2%2Fcomments&post=4353"}],"version-history":[{"count":103,"href":"https:\/\/wlodarczykubezpieczenia.pl\/index.php?rest_route=\/wp\/v2\/pages\/4353\/revisions"}],"predecessor-version":[{"id":5640,"href":"https:\/\/wlodarczykubezpieczenia.pl\/index.php?rest_route=\/wp\/v2\/pages\/4353\/revisions\/5640"}],"wp:attachment":[{"href":"https:\/\/wlodarczykubezpieczenia.pl\/index.php?rest_route=%2Fwp%2Fv2%2Fmedia&parent=4353"}],"curies":[{"name":"wp","href":"https:\/\/api.w.org\/{rel}","templated":true}]}}